nder when g is divided by 2?
0
Let d = 43 + -31. Suppose 9*n - 799 = -8*n. What is the remainder when n is divided by d?
11
Suppose -2*y + 6*y = 52. What is the remainder when 50 is divided by y?
11
Let i(q) = q**2 - 7*q - 8. Let c be 1*15*6/10. What is the remainder when 48 is divided by i(c)?
8
Suppose -f = 5*u, 5*f + 3*u = -0*u + 110. What is the remainder when 98 is divided by f?
23
Let d = -15 - -21. Calculate the remainder when (4*-2)/((-2)/4) is divided by d.
4
Calculate the remainder when (-2)/14 - (-162)/7 is divided by 13.
10
Let u be 1/2*(-1 + 1). Suppose -2*z + u*z = -88. What is the remainder when z is divided by 15?
14
Suppose -26 = 19*t - 21*t. What is the remainder when 49 is divided by t?
10
Let s(q) = -q**3 + 6*q**2 - 5*q + 3. What is the remainder when s(4) is divided by 4?
3
Let d(v) = 6*v - 16. What is the remainder when d(8) is divided by 7?
4
Let y(r) be the third derivative of -r**6/120 + r**5/12 + r**4/12 + r**3/2 - r**2. Suppose 2*x - 1 = 9. Calculate the remainder when 24 is divided by y(x).
11
Let l(h) = h**2 + 6*h + 35. Calculate the remainder when l(0) is divided by 20.
15
Let c be -2 - (-21 - 2*-1). What is the remainder when -2 + 3/3*c is divided by 8?
7
Suppose 0 = 4*g + 2*a + 4, 0 = -2*g + 3*g + 3*a + 1. Let y be (-1)/((2 - 1)*g). What is the remainder when 37 is divided by 26*(y + (-2)/4)?
11
Suppose 4*s - 8 = 4. Let a(v) = v**2 - 6*v + 7. What is the remainder when s is divided by a(5)?
1
Let q = 22 - 13. What is the remainder when 26 is divided by q?
8
Suppose 5*m - 4*z - 1 = 0, 5*z = 5*m - 0*m. Calculate the remainder when 4 is divided by m.
0
Let s = -252 - -171. Let g = -2 - s. Calculate the remainder when g is divided by 27.
25
Suppose -4*p = -4*w + p + 40, -5*w + p = -50. Let o(b) = -b**3 + 11*b**2 - 9*b + 3. Suppose -k - 38 = -2*k. What is the remainder when k is divided by o(w)?
12
Suppose -3*k + z = -2*z - 3, -2*z = -3*k - 1. Calculate the remainder when 3/(-4 + (-171)/(-42)) is divided by 4/6 + (-64)/k.
20
Suppose 65 = 3*q + 2*q. Let l be (-2)/(-3 + 1)*0. Suppose -r - 72 = -3*b + r, l = b + 2*r - 24. Calculate the remainder when b is divided by q.
11
Suppose -q + 8 = -3. Let h(z) = -z**2 - 8*z - 2. Let b be h(-8). Let m = b + 8. Calculate the remainder when q is divided by m.
5
Suppose 3*f - 48 = 5*s, -s - 4*s = -4*f + 59. Let k be 26/(-4)*30/(-5). Suppose k + 25 = 2*p. Calculate the remainder when p is divided by f.
10
Suppose 0*l - 5*l = -155. Calculate the remainder when 122 is divided by l.
29
Let z be (3/(-2))/(5/(-10)). Suppose z*f - 4 = 74. Suppose 5*a = -4*d + 80, 4*d - 106 = 2*a - f. What is the remainder when d is divided by 11?
9
Let y(n) = -n**2 + 9*n - 6. Let x be y(6). Let f be (x/15)/(2/(-20)). Let a = f + 11. What is the remainder when a is divided by 2?
1
Calculate the remainder when (-178)/(-6) - 6/9 is divided by (-20)/(-6)*(0 + 3).
9
Let x = -9 + 15. Suppose j = -5*p + 63, -p + x*p + 5*j = 55. Let v(c) = 2*c - 3. Calculate the remainder when p is divided by v(5).
6
Suppose 5*n - 10 = 3*b + 17, -b + 1 = 0. Suppose -p - z - 24 = -5*p, -p - z + n = 0. Suppose 30 = 2*u - 4. Calculate the remainder when u is divided by p.
5
Let h be 5/2*(-22)/(-1). Suppose -2*g = g + 93. Let x = h + g. What is the remainder when x is divided by 13?
11
Suppose -5*c - 90 = -3*p, -2*c = -6*c - 12. Calculate the remainder when p is divided by 14.
11
Let h(f) = -f**2 + 7*f - 6. Let q be h(5). Suppose 2*p = 18 - q. Calculate the remainder when p is divided by 3.
1
Let n = -31 - -54. Suppose 2*k - n = 3. Let s = 36 + 1. What is the remainder when s is divided by k?
11
Let s(x) = x + 13. What is the remainder when 86 is divided by s(16)?
28
Let o(f) = -f**3 - 1. Let m be o(-1). Suppose -2*c - 108 - 36 = m. Calculate the remainder when 19 is divided by c/(-10) + 2/(-10).
5
Let u(d) = -d**3 + 8*d**2 + d - 2. Let a(r) = 5 - 2*r - 5. Calculate the remainder when a(-8) is divided by u(8).
4
Let t(s) = s**2 - s - 4. Let b be t(3). Let p(w) = -2*w**2 + 2 - w**b + 2*w**2 + 13*w. Calculate the remainder when p(10) is divided by 11.
10
Let z = 2 + -1. Let k be (-1)/1 + -3 + 1. What is the remainder when 2 - (k - -2) - 2 is divided by z?
0
Calculate the remainder when (3/9)/((-3)/(-45)) is divided by 2.
1
Suppose 3*d + 46 = -197. Let s = 2 - 4. What is the remainder when 24 is divided by s/4 - d/6?
11
Let b(x) = -x**2 + 7*x - 4. Let f be (38/(-4))/(1/(-2)). Suppose 0 = -2*z + 6, -3*m - 3*z - 1 = -f. Calculate the remainder when b(3) is divided by m.
2
Let q(m) = -4*m + 5. Let a be q(-5). Suppose 3*o = 4*y + 32, 0*y + 4*o + 27 = -y. Let l = a + y. Calculate the remainder when 26 is divided by l.
12
Let u = 22 + -7. Calculate the remainder when 72 is divided by u.
12
Suppose h - 30 = -0. Calculate the remainder when 88 is divided by h.
28
Let v = -27 + 29. What is the remainder when 5 is divided by v?
1
Let h = -4 - -8. Suppose 3*o + 9 = 0, 2*a - 3*a = -h*o - 34. Calculate the remainder when a is divided by 12.
10
Let k(p) = -p**2 + 1. Let c(d) = 2*d**3 + 5*d**2 - 3*d - 10. Let x(w) = c(w) + 6*k(w). Calculate the remainder when x(3) is divided by 11.
10
Suppose h = -8 + 35. What is the remainder when 80 is divided by h?
26
Let y = -2 + 12. What is the remainder when 46 is divided by y?
6
Suppose 3*v + 42 = 3*o, 0 = -3*o - 3*v + 32 - 2. Calculate the remainder when 45 is divided by o.
9
Let j = 6 - 2. Suppose -20 = -j*i - i. What is the remainder when 7 is divided by i?
3
Let j(q) = -2*q + 38. What is the remainder when 30 is divided by j(11)?
14
Suppose -v - 5 = -1. Let d = v + 10. What is the remainder when 16 is divided by d?
4
Suppose 0 = n - 4*n + 150. What is the remainder when n is divided by 17?
16
Let b = -8 - -11. Suppose b*z = 133 + 80. What is the remainder when z is divided by 24?
23
Let r(p) be the third derivative of p**6/120 - p**5/15 + p**4/8 - p**3/6 - 2*p**2. What is the remainder when r(4) is divided by 7?
4
Let x(a) = 6*a**2 + a + 4. What is the remainder when 101 is divided by x(-2)?
23
Suppose 2*s + 2 = -10. Calculate the remainder when 27/s*(-24)/9 is divided by 5.
2
Suppose -t = t - 38. Let k = 27 - t. Suppose -4*w + 32 = 3*p - k*p, p = 4. What is the remainder when 37 is divided by w?
11
Suppose 0 = 3*g + 5*d - 5, 3*g - 4*d - 3 = -7*d. Let h = -3 - -4. What is the remainder when (g - -2)*(-4)/(-8) is divided by h?
0
Let v be 0/(-1 + -1 + 0). Suppose 3*q = -4*w + q + 98, -3*q + 3 = v. What is the remainder when w is divided by 9?
6
What is the remainder when (5/4)/((-2)/(-16)) is divided by ((-6)/(-7))/((-1)/(-7))?
4
Let y(k) = 2*k + 3. Let u be y(7). Suppose u = 5*w - 3. What is the remainder when 10 is divided by w?
2
Suppose 3*h = 6, m = 5*h - 4 - 3. What is the remainder when (-20)/((-12)/3) + 3 is divided by m?
2
Let j = -56 + -61. Let n = 195 + j. What is the remainder when n is divided by 20?
18
Suppose 8*p = 4*p + 24. Let r(w) = 2*w**3 - w**2 + 3*w - 1. Calculate the remainder when r(2) is divided by p.
5
Suppose -5*k = -0*k - 3*u - 222, -3*k + 142 = -4*u. Calculate the remainder when k is divided by 11.
9
Suppose 57 = 2*x - 3. Suppose -s = 4*s - x. Suppose -3*m = -m - s. Calculate the remainder when 8 is divided by m.
2
Let w = -11 - -8. What is the remainder when 7 is divided by -1 - w - (-5 - -3)?
3
Let b be 2/7 - (-6)/(-21). Suppose 0*l + 5*l = 15. Suppose a + 5*k = -b*a + l, 3*a + 2*k - 22 = 0. What is the remainder when 14 is divided by a?
6
What is the remainder when 18*1/8*4 is divided by 2?
1
Suppose -5*y - 5 + 35 = 0. What is the remainder when y is divided by 2?
0
Let h = -22 + 53. What is the remainder when h is divided by 7?
3
Let h = -15 + 30. Let p = 1 + 4. Suppose -3*k - 45 = -p*m + 2*k, 5*m - 3*k = 43. Calculate the remainder when h is divided by m.
7
Suppose 3*y = o - 5*o - 54, -5*y - 2*o - 90 = 0. Calculate the remainder when ((-12)/y)/(2/129) is divided by 15.
13
Suppose w + 5 - 1 = 0, 5*x - w = 24. Suppose t + x*t - 265 = 0. What is the remainder when t is divided by (-26 + 2)*(-3)/4?
17
Let s(k) = k**2. Let d be s(2). Suppose d*o = -o + 55. Suppose -z - 2*t + 30 = 0, 2*z + 4*t + t = 65. Calculate the remainder when z is divided by o.
9
Let v = 8 - -11. Let i = 34 - v. Let c(m) = -11*m + 75. What is the remainder when i is divided by c(6)?
6
Suppose c - 25 = -10. 